{"id":514,"date":"2017-06-17T00:38:48","date_gmt":"2017-06-17T00:38:48","guid":{"rendered":"https:\/\/nangina-new.klabusnik.de\/?page_id=514"},"modified":"2026-02-09T10:48:08","modified_gmt":"2026-02-09T10:48:08","slug":"vorstand","status":"publish","type":"page","link":"https:\/\/nangina.de\/index.php\/verein\/vorstand\/","title":{"rendered":"Vorstand"},"content":{"rendered":"<figure id=\"attachment_528\" aria-describedby=\"caption-attachment-528\" style=\"width: 300px\" class=\"wp-caption alignnone\"><img loading=\"lazy\" decoding=\"async\" class=\"size-medium wp-image-528\" src=\"https:\/\/nangina.de\/wp-content\/uploads\/2017\/06\/P1020413-300x225.jpg\" alt=\"\" width=\"300\" height=\"225\" srcset=\"https:\/\/nangina.de\/wp-content\/uploads\/2017\/06\/P1020413-300x225.jpg 300w, https:\/\/nangina.de\/wp-content\/uploads\/2017\/06\/P1020413-768x577.jpg 768w, https:\/\/nangina.de\/wp-content\/uploads\/2017\/06\/P1020413-1024x769.jpg 1024w\" sizes=\"auto, (max-width: 300px) 100vw, 300px\" \/><figcaption id=\"caption-attachment-528\" class=\"wp-caption-text\">Zukunftswerkstatt des Nangina-Vorstands<\/figcaption><\/figure>\n<p>\u00a0<\/p>\n<p><strong>Aktueller Vorstand, gew\u00e4hlt auf der Jahreshauptversammlung vom 6.7.2025<\/strong><\/p>\n<p>Friedhelm Ribberger (Tr\u00e4ger des Bundesverdienstkreuzes am Bande, Verleihung 24.02.2005)<br \/>Funktion: 1. Vorsitzender<\/p>\n<p>L\u00e9on Val\u00e9e<br \/>Funktion: 2. Vorsitzender<\/p>\n<p>Frederike Fehrentz<br \/>Funktion: Kassenwartin<\/p>\n<p>Alicja Hagenk\u00f6tter<br \/>Funktion: Schriftf\u00fchrerin<\/p>\n<p><span class=\"TextRun SCXW60810704 BCX2\" lang=\"DE-DE\" xml:lang=\"DE-DE\" data-contrast=\"auto\"><span class=\"NormalTextRun SCXW60810704 BCX2\">Titus <\/span><span class=\"NormalTextRun SpellingErrorV2Themed SCXW60810704 BCX2\">Kimani<\/span> <span class=\"NormalTextRun SpellingErrorV2Themed SCXW60810704 BCX2\">Githua<\/span><\/span><br \/>Funktion: Beisitzer<\/p>\n<p>Peter Warlimont (Tr\u00e4ger des Bundesverdienstkreuzes am Bande, Verleihung 14.06.2017)<br \/>Funktion: Beisitzer<\/p>\n\n\n<p><\/p>\n","protected":false},"excerpt":{"rendered":"<p>\u00a0 Aktueller Vorstand, gew\u00e4hlt auf der Jahreshauptversammlung vom 6.7.2025 Friedhelm Ribberger (Tr\u00e4ger des Bundesverdienstkreuzes am Bande, Verleihung 24.02.2005)Funktion: 1. Vorsitzender L\u00e9on Val\u00e9eFunktion: 2. Vorsitzender Frederike FehrentzFunktion: Kassenwartin Alicja Hagenk\u00f6tterFunktion: Schriftf\u00fchrerin &#8230;<\/p>\n","protected":false},"author":2,"featured_media":0,"parent":512,"menu_order":0,"comment_status":"closed","ping_status":"closed","template":"","meta":{"footnotes":""},"class_list":["post-514","page","type-page","status-publish","hentry"],"_links":{"self":[{"href":"https:\/\/nangina.de\/index.php\/wp-json\/wp\/v2\/pages\/514","targetHints":{"allow":["GET"]}}],"collection":[{"href":"https:\/\/nangina.de\/index.php\/wp-json\/wp\/v2\/pages"}],"about":[{"href":"https:\/\/nangina.de\/index.php\/wp-json\/wp\/v2\/types\/page"}],"author":[{"embeddable":true,"href":"https:\/\/nangina.de\/index.php\/wp-json\/wp\/v2\/users\/2"}],"replies":[{"embeddable":true,"href":"https:\/\/nangina.de\/index.php\/wp-json\/wp\/v2\/comments?post=514"}],"version-history":[{"count":10,"href":"https:\/\/nangina.de\/index.php\/wp-json\/wp\/v2\/pages\/514\/revisions"}],"predecessor-version":[{"id":2044,"href":"https:\/\/nangina.de\/index.php\/wp-json\/wp\/v2\/pages\/514\/revisions\/2044"}],"up":[{"embeddable":true,"href":"https:\/\/nangina.de\/index.php\/wp-json\/wp\/v2\/pages\/512"}],"wp:attachment":[{"href":"https:\/\/nangina.de\/index.php\/wp-json\/wp\/v2\/media?parent=514"}],"curies":[{"name":"wp","href":"https:\/\/api.w.org\/{rel}","templated":true}]}}

<figure id="attachment_528" aria-describedby="caption-attachment-528" style="width: 300px" class="wp-caption alignnone"><img loading="lazy" decoding="async" class="size-medium wp-image-528" src="https://nangina.de/wp-content/uploads/2017/06/P1020413-300x225.jpg" alt="" width="300" height="225" srcset="https://nangina.de/wp-content/uploads/2017/06/P1020413-300x225.jpg 300w, https://nangina.de/wp-content/uploads/2017/06/P1020413-768x577.jpg 768w, https://nangina.de/wp-content/uploads/2017/06/P1020413-1024x769.jpg 1024w" sizes="auto, (max-width: 300px) 100vw, 300px" /><figcaption id="caption-attachment-528" class="wp-caption-text">Zukunftswerkstatt des Nangina-Vorstands</figcaption></figure>
<p> </p>
<p><strong>Aktueller Vorstand, gewählt auf der Jahreshauptversammlung vom 6.7.2025</strong></p>
<p>Friedhelm Ribberger (Träger des Bundesverdienstkreuzes am Bande, Verleihung 24.02.2005)<br />Funktion: 1. Vorsitzender</p>
<p>Léon Valée<br />Funktion: 2. Vorsitzender</p>
<p>Frederike Fehrentz<br />Funktion: Kassenwartin</p>
<p>Alicja Hagenkötter<br />Funktion: Schriftführerin</p>
<p><span class="TextRun SCXW60810704 BCX2" lang="DE-DE" xml:lang="DE-DE" data-contrast="auto"><span class="NormalTextRun SCXW60810704 BCX2">Titus </span><span class="NormalTextRun SpellingErrorV2Themed SCXW60810704 BCX2">Kimani</span> <span class="NormalTextRun SpellingErrorV2Themed SCXW60810704 BCX2">Githua</span></span><br />Funktion: Beisitzer</p>
<p>Peter Warlimont (Träger des Bundesverdienstkreuzes am Bande, Verleihung 14.06.2017)<br />Funktion: Beisitzer</p>


<p></p>

<p>  Aktueller Vorstand, gewählt auf der Jahreshauptversammlung vom 6.7.2025 Friedhelm Ribberger (Träger des Bundesverdienstkreuzes am Bande, Verleihung 24.02.2005)Funktion: 1. Vorsitzender Léon ValéeFunktion: 2. Vorsitzender Frederike FehrentzFunktion: Kassenwartin Alicja HagenkötterFunktion: Schriftführerin &#8230;</p>
