{"id":425,"date":"2017-06-16T23:12:34","date_gmt":"2017-06-16T23:12:34","guid":{"rendered":"https:\/\/nangina-new.klabusnik.de\/?page_id=425"},"modified":"2023-10-06T14:40:20","modified_gmt":"2023-10-06T14:40:20","slug":"jugendliche-ab-16-und-erwachsene","status":"publish","type":"page","link":"https:\/\/nangina.de\/index.php\/mitmachen\/jugendliche-ab-16-und-erwachsene\/","title":{"rendered":"Jugendliche ab 16 und Erwachsene"},"content":{"rendered":"<p>Du bist mindestens 16 Jahre alt und m\u00f6chtest am Wochenende etwas erleben?<br>\nMenschen in Afrika helfen?<br>\nJugendfahrten leiten?<br>\nErfahrungen mit der Betreuung von Kindern sammeln?<br>\nSoziale Verantwortung \u00fcbernehmen und bei der Vereinsarbeit mitwirken?<br>\netwas f\u00fcr deinen Lebenslauf tun?<\/p>\n<p>Dann bist du bei Nangina genau richtig!<\/p>\n<p>Jedes Wochenende sind wir irgendwo zwischen Sylt und dem Bodensee unterwegs. In Kirchengemeinden stellen wir mit einem Sprechspiel den Verein vor und sammeln Spenden f\u00fcr Projekte in Afrika. Doch das ist nicht alles. Bei uns kannst du<\/p>\n<ul>\n<li>andere Kinder und Jugendliche kennenlernen<\/li>\n<li>Afrika kennenlernen<\/li>\n<li>an verschiedenen Orten in Deutschland \u00fcbernachten<\/li>\n<li>Ausfl\u00fcge wie Schwimmen, Eislaufen oder Fahrradtouren planen und unternehmen<\/li>\n<li>Sommerfahrten ans Meer, an Seen oder in sch\u00f6ne St\u00e4dte (z.B. Berlin, Dresden, Cuxhaven, Wien) unternehmen<\/li>\n<li>an lustigen Feiern teilnehmen<\/li>\n<li>ab 18 Jahren nach Afrika reisen<\/li>\n<li>im Jugend-Vorstand mitwirken<\/li>\n<li>Gruppenleiterausbildungen, -weiterbildungen und Erste-Hilfe-Kurse besuchen<\/li>\n<li>Wochenenden im Team leiten<\/li>\n<li>spielen, Quatsch machen und einfach Spa\u00df haben.<\/li>\n<\/ul>\n<p>Du bist Theologiestudent und musst noch dein Mentorat absolvieren?<br>\nAuch das ist bei Nangina m\u00f6glich. Melde dich einfach bei uns.<\/p>\n<p>Du kannst mit diesem Formular (\u2192Link) bei uns Mitglied werden oder schreib einfach eine Mail an <a href=\"mailto:info@nangina.de\">info@nangina.de<\/a>.<\/p>\n<p>F\u00fcr die Wochenenden kannst du dich auf <a href=\"http:\/\/nangina.klabusnik.de\">nangina.klabusnik.de<\/a> anmelden.<\/p>\n\n\n<p>&nbsp;<\/p>\n<div><h5><a href=\"https:\/\/nangina.de\/wp-content\/uploads\/2020\/06\/Einwilligung_zur_Ver\u00f6ffentlichung_von_Fotos.pdf\" target=\"_blank\" rel=\"noopener noreferrer\"><img decoding=\"async\" src=\"https:\/\/nangina.de\/wp-content\/uploads\/2020\/06\/download.png\" width=\"16\">&nbsp;&nbsp;Einverst\u00e4ndniserkl\u00e4rung zur Ver\u00f6ffentlichung von Fotos<\/a><\/h5><\/div><p>&nbsp;<\/p>\n","protected":false},"excerpt":{"rendered":"<p>Du bist mindestens 16 Jahre alt und m\u00f6chtest am Wochenende etwas erleben? Menschen in Afrika helfen? Jugendfahrten leiten? Erfahrungen mit der Betreuung von Kindern sammeln? Soziale Verantwortung \u00fcbernehmen und bei &#8230;<\/p>\n","protected":false},"author":2,"featured_media":0,"parent":324,"menu_order":2,"comment_status":"closed","ping_status":"closed","template":"","meta":{"footnotes":""},"class_list":["post-425","page","type-page","status-publish","hentry"],"_links":{"self":[{"href":"https:\/\/nangina.de\/index.php\/wp-json\/wp\/v2\/pages\/425","targetHints":{"allow":["GET"]}}],"collection":[{"href":"https:\/\/nangina.de\/index.php\/wp-json\/wp\/v2\/pages"}],"about":[{"href":"https:\/\/nangina.de\/index.php\/wp-json\/wp\/v2\/types\/page"}],"author":[{"embeddable":true,"href":"https:\/\/nangina.de\/index.php\/wp-json\/wp\/v2\/users\/2"}],"replies":[{"embeddable":true,"href":"https:\/\/nangina.de\/index.php\/wp-json\/wp\/v2\/comments?post=425"}],"version-history":[{"count":6,"href":"https:\/\/nangina.de\/index.php\/wp-json\/wp\/v2\/pages\/425\/revisions"}],"predecessor-version":[{"id":1797,"href":"https:\/\/nangina.de\/index.php\/wp-json\/wp\/v2\/pages\/425\/revisions\/1797"}],"up":[{"embeddable":true,"href":"https:\/\/nangina.de\/index.php\/wp-json\/wp\/v2\/pages\/324"}],"wp:attachment":[{"href":"https:\/\/nangina.de\/index.php\/wp-json\/wp\/v2\/media?parent=425"}],"curies":[{"name":"wp","href":"https:\/\/api.w.org\/{rel}","templated":true}]}}