{"id":1703,"date":"2023-09-29T12:09:07","date_gmt":"2023-09-29T12:09:07","guid":{"rendered":"https:\/\/nangina.de\/?page_id=1703"},"modified":"2023-09-29T12:19:17","modified_gmt":"2023-09-29T12:19:17","slug":"schulzentrum-in-gulu-uganda","status":"publish","type":"page","link":"https:\/\/nangina.de\/index.php\/schulzentrum-in-gulu-uganda\/","title":{"rendered":"Schulzentrum in Gulu, Uganda"},"content":{"rendered":"\n<p>Im Norden Ugandas, nah an der sudanesischen Grenze haben die Little Sisters of Mary Immaculate ein Schulzentrum aufgebaut.<\/p>\n\n\n\n<figure class=\"wp-block-image is-resized\"><img loading=\"lazy\" decoding=\"async\" src=\"https:\/\/nangina.de\/wp-content\/uploads\/2020\/06\/picasa-395-1024x768.jpg\" alt=\"\" class=\"wp-image-1252\" width=\"583\" height=\"437\" srcset=\"https:\/\/nangina.de\/wp-content\/uploads\/2020\/06\/picasa-395-1024x768.jpg 1024w, https:\/\/nangina.de\/wp-content\/uploads\/2020\/06\/picasa-395-300x225.jpg 300w, https:\/\/nangina.de\/wp-content\/uploads\/2020\/06\/picasa-395-768x576.jpg 768w, https:\/\/nangina.de\/wp-content\/uploads\/2020\/06\/picasa-395-1536x1152.jpg 1536w, https:\/\/nangina.de\/wp-content\/uploads\/2020\/06\/picasa-395-2048x1536.jpg 2048w\" sizes=\"auto, (max-width: 583px) 100vw, 583px\" \/><\/figure>\n\n\n\n<p>In der Mother Theresa Grundschule werden mittlerweile 300 Kinder unterrichtet. Die meisten von ihnen sind Fl\u00fcchtlinge aus dem Sudan, ehemalige Kindersoldaten, Waisenkinder und andere sozial benachteiligte Kinder.<\/p>\n\n\n\n<figure class=\"wp-block-image is-resized\"><img loading=\"lazy\" decoding=\"async\" src=\"https:\/\/nangina.de\/wp-content\/uploads\/2020\/06\/DSCN1936-1024x768.jpg\" alt=\"\" class=\"wp-image-1254\" width=\"586\" height=\"440\" srcset=\"https:\/\/nangina.de\/wp-content\/uploads\/2020\/06\/DSCN1936-1024x768.jpg 1024w, https:\/\/nangina.de\/wp-content\/uploads\/2020\/06\/DSCN1936-300x225.jpg 300w, https:\/\/nangina.de\/wp-content\/uploads\/2020\/06\/DSCN1936-768x576.jpg 768w, https:\/\/nangina.de\/wp-content\/uploads\/2020\/06\/DSCN1936-1536x1152.jpg 1536w, https:\/\/nangina.de\/wp-content\/uploads\/2020\/06\/DSCN1936-2048x1536.jpg 2048w\" sizes=\"auto, (max-width: 586px) 100vw, 586px\" \/><\/figure>\n\n\n\n<figure class=\"wp-block-image is-resized\"><img loading=\"lazy\" decoding=\"async\" src=\"https:\/\/nangina.de\/wp-content\/uploads\/2020\/06\/DSCN1898-1024x768.jpg\" alt=\"\" class=\"wp-image-1253\" width=\"585\" height=\"439\" srcset=\"https:\/\/nangina.de\/wp-content\/uploads\/2020\/06\/DSCN1898-1024x768.jpg 1024w, https:\/\/nangina.de\/wp-content\/uploads\/2020\/06\/DSCN1898-300x225.jpg 300w, https:\/\/nangina.de\/wp-content\/uploads\/2020\/06\/DSCN1898-768x576.jpg 768w, https:\/\/nangina.de\/wp-content\/uploads\/2020\/06\/DSCN1898-1536x1152.jpg 1536w, https:\/\/nangina.de\/wp-content\/uploads\/2020\/06\/DSCN1898-2048x1536.jpg 2048w\" sizes=\"auto, (max-width: 585px) 100vw, 585px\" \/><\/figure>\n\n\n\n<p>Um den Jugendlichen weitere Bildung zu erm\u00f6glichen, wurde die weiterf\u00fchrende Schule Mother Theresa Secondary School errichtet.<\/p>\n\n\n\n<figure class=\"wp-block-image is-resized\"><img loading=\"lazy\" decoding=\"async\" src=\"https:\/\/nangina.de\/wp-content\/uploads\/2020\/06\/20200303_130301-1024x768.jpg\" alt=\"\" class=\"wp-image-1255\" width=\"583\" height=\"438\" srcset=\"https:\/\/nangina.de\/wp-content\/uploads\/2020\/06\/20200303_130301-1024x768.jpg 1024w, https:\/\/nangina.de\/wp-content\/uploads\/2020\/06\/20200303_130301-300x225.jpg 300w, https:\/\/nangina.de\/wp-content\/uploads\/2020\/06\/20200303_130301-768x576.jpg 768w, https:\/\/nangina.de\/wp-content\/uploads\/2020\/06\/20200303_130301-1536x1152.jpg 1536w, https:\/\/nangina.de\/wp-content\/uploads\/2020\/06\/20200303_130301-2048x1536.jpg 2048w\" sizes=\"auto, (max-width: 583px) 100vw, 583px\" \/><\/figure>\n\n\n\n<p><strong>Ma\u00dfnahmen des Nangina e.V. in den vergangenen Jahren<\/strong><\/p>\n\n\n\n<p>Im Jahr 2014 unterst\u00fctzte der Nangina e.V. die Grundschule erstmalig mit einer Notfallhilfe von 2.100 \u20ac f\u00fcr Fl\u00fcchtlinge. Durch den Krieg im S\u00fcdsudan sind die Sch\u00fclerzahlen in k\u00fcrzester Zeit stark angestiegen. Daher ben\u00f6tigten die Kinder dringend Matratzen und Betten. Weiterhin wurde der Schulhof mit Spielger\u00e4ten ausgestattet.<\/p>\n\n\n\n<figure class=\"wp-block-image is-resized\"><img loading=\"lazy\" decoding=\"async\" src=\"https:\/\/nangina.de\/wp-content\/uploads\/2020\/06\/007-1-1024x768.jpg\" alt=\"\" class=\"wp-image-1258\" width=\"600\" height=\"450\" srcset=\"https:\/\/nangina.de\/wp-content\/uploads\/2020\/06\/007-1-1024x768.jpg 1024w, https:\/\/nangina.de\/wp-content\/uploads\/2020\/06\/007-1-300x225.jpg 300w, https:\/\/nangina.de\/wp-content\/uploads\/2020\/06\/007-1-768x576.jpg 768w, https:\/\/nangina.de\/wp-content\/uploads\/2020\/06\/007-1-1536x1152.jpg 1536w, https:\/\/nangina.de\/wp-content\/uploads\/2020\/06\/007-1-2048x1536.jpg 2048w\" sizes=\"auto, (max-width: 600px) 100vw, 600px\" \/><\/figure>\n\n\n\n<figure class=\"wp-block-image is-resized\"><img loading=\"lazy\" decoding=\"async\" src=\"https:\/\/nangina.de\/wp-content\/uploads\/2020\/06\/008-1-1024x768.jpg\" alt=\"\" class=\"wp-image-1260\" width=\"601\" height=\"451\" srcset=\"https:\/\/nangina.de\/wp-content\/uploads\/2020\/06\/008-1-1024x768.jpg 1024w, https:\/\/nangina.de\/wp-content\/uploads\/2020\/06\/008-1-300x225.jpg 300w, https:\/\/nangina.de\/wp-content\/uploads\/2020\/06\/008-1-768x576.jpg 768w, https:\/\/nangina.de\/wp-content\/uploads\/2020\/06\/008-1-1536x1152.jpg 1536w, https:\/\/nangina.de\/wp-content\/uploads\/2020\/06\/008-1-2048x1536.jpg 2048w\" sizes=\"auto, (max-width: 601px) 100vw, 601px\" \/><\/figure>\n\n\n\n<figure class=\"wp-block-image is-resized\"><img loading=\"lazy\" decoding=\"async\" src=\"https:\/\/nangina.de\/wp-content\/uploads\/2020\/06\/009-1024x768.jpg\" alt=\"\" class=\"wp-image-1259\" width=\"601\" height=\"451\" srcset=\"https:\/\/nangina.de\/wp-content\/uploads\/2020\/06\/009-1024x768.jpg 1024w, https:\/\/nangina.de\/wp-content\/uploads\/2020\/06\/009-300x225.jpg 300w, https:\/\/nangina.de\/wp-content\/uploads\/2020\/06\/009-768x576.jpg 768w, https:\/\/nangina.de\/wp-content\/uploads\/2020\/06\/009-1536x1152.jpg 1536w, https:\/\/nangina.de\/wp-content\/uploads\/2020\/06\/009-2048x1536.jpg 2048w\" sizes=\"auto, (max-width: 601px) 100vw, 601px\" \/><\/figure>\n\n\n\n<p>2018 wurde die Mother Theresa Secondary School um den Internatsbereich erweitert. Nangina finanzierte hier den Bau des Schlafsaals mit 64.000 \u20ac.<\/p>\n\n\n\n<figure class=\"wp-block-image is-resized\"><img loading=\"lazy\" decoding=\"async\" src=\"https:\/\/nangina.de\/wp-content\/uploads\/2020\/06\/IMG_20200120_174806-1024x768.jpg\" alt=\"\" class=\"wp-image-1261\" width=\"607\" height=\"455\" srcset=\"https:\/\/nangina.de\/wp-content\/uploads\/2020\/06\/IMG_20200120_174806-1024x768.jpg 1024w, https:\/\/nangina.de\/wp-content\/uploads\/2020\/06\/IMG_20200120_174806-300x225.jpg 300w, https:\/\/nangina.de\/wp-content\/uploads\/2020\/06\/IMG_20200120_174806-768x576.jpg 768w, https:\/\/nangina.de\/wp-content\/uploads\/2020\/06\/IMG_20200120_174806-1536x1152.jpg 1536w, https:\/\/nangina.de\/wp-content\/uploads\/2020\/06\/IMG_20200120_174806-2048x1536.jpg 2048w\" sizes=\"auto, (max-width: 607px) 100vw, 607px\" \/><\/figure>\n\n\n\n<figure class=\"wp-block-image is-resized\"><img loading=\"lazy\" decoding=\"async\" src=\"https:\/\/nangina.de\/wp-content\/uploads\/2020\/06\/20200303_131011-1024x768.jpg\" alt=\"\" class=\"wp-image-1262\" width=\"608\" height=\"456\" srcset=\"https:\/\/nangina.de\/wp-content\/uploads\/2020\/06\/20200303_131011-1024x768.jpg 1024w, https:\/\/nangina.de\/wp-content\/uploads\/2020\/06\/20200303_131011-300x225.jpg 300w, https:\/\/nangina.de\/wp-content\/uploads\/2020\/06\/20200303_131011-768x576.jpg 768w, https:\/\/nangina.de\/wp-content\/uploads\/2020\/06\/20200303_131011-1536x1152.jpg 1536w, https:\/\/nangina.de\/wp-content\/uploads\/2020\/06\/20200303_131011-2048x1536.jpg 2048w\" sizes=\"auto, (max-width: 608px) 100vw, 608px\" \/><\/figure>\n\n\n\n<p><strong>Besuche des Nangina e.V. oder Gegenbesuche der Projektpartner<\/strong><\/p>\n\n\n\n<p>2014: Besuch von Schulleiterin Sr. Helen Lamunu in Deutschland<\/p>\n\n\n\n<p><strong>Aktuelle Entwicklungen<\/strong><\/p>\n\n\n\n<p>Der Schlafsaal der weiterf\u00fchrenden Schule ist fertiggestellt. Die Schule hat durch die sudanesischen Fl\u00fcchtlinge weiterhin sehr gro\u00dfen Zulauf. Daher wird derzeit nur eine H\u00e4lfte des Geb\u00e4udes als Schlafsaal benutzt. Da noch Betten fehlen, schlafen die meisten Sch\u00fclerinnen und Sch\u00fcler mit ihren Matrazen auf dem Boden. Die andere H\u00e4lfte wird als Klassenraum genutzt.<\/p>\n\n\n\n<p>Unsere Beitr\u00e4ge f\u00fcr dieses Projekt:<\/p>\n\n\n<ul class=\"wp-block-latest-posts__list wp-block-latest-posts\"><\/ul>","protected":false},"excerpt":{"rendered":"<p>Im Norden Ugandas, nah an der sudanesischen Grenze haben die Little Sisters of Mary Immaculate ein Schulzentrum aufgebaut. In der Mother Theresa Grundschule werden mittlerweile 300 Kinder unterrichtet. Die meisten &#8230;<\/p>\n","protected":false},"author":7,"featured_media":0,"parent":0,"menu_order":0,"comment_status":"closed","ping_status":"closed","template":"","meta":{"footnotes":""},"class_list":["post-1703","page","type-page","status-publish","hentry"],"_links":{"self":[{"href":"https:\/\/nangina.de\/index.php\/wp-json\/wp\/v2\/pages\/1703","targetHints":{"allow":["GET"]}}],"collection":[{"href":"https:\/\/nangina.de\/index.php\/wp-json\/wp\/v2\/pages"}],"about":[{"href":"https:\/\/nangina.de\/index.php\/wp-json\/wp\/v2\/types\/page"}],"author":[{"embeddable":true,"href":"https:\/\/nangina.de\/index.php\/wp-json\/wp\/v2\/users\/7"}],"replies":[{"embeddable":true,"href":"https:\/\/nangina.de\/index.php\/wp-json\/wp\/v2\/comments?post=1703"}],"version-history":[{"count":2,"href":"https:\/\/nangina.de\/index.php\/wp-json\/wp\/v2\/pages\/1703\/revisions"}],"predecessor-version":[{"id":1714,"href":"https:\/\/nangina.de\/index.php\/wp-json\/wp\/v2\/pages\/1703\/revisions\/1714"}],"wp:attachment":[{"href":"https:\/\/nangina.de\/index.php\/wp-json\/wp\/v2\/media?parent=1703"}],"curies":[{"name":"wp","href":"https:\/\/api.w.org\/{rel}","templated":true}]}}