{"id":1400,"date":"2021-04-15T08:08:01","date_gmt":"2021-04-15T08:08:01","guid":{"rendered":"https:\/\/nangina.de\/?page_id=1400"},"modified":"2023-10-06T11:37:55","modified_gmt":"2023-10-06T11:37:55","slug":"comboni-health-programme-im-slum-korogocho-in-nairobi-kenia","status":"publish","type":"page","link":"https:\/\/nangina.de\/index.php\/comboni-health-programme-im-slum-korogocho-in-nairobi-kenia\/","title":{"rendered":"COMBONI HEALTH PROGRAMME IM SLUM KOROGOCHO IN NAIROBI, KENIA"},"content":{"rendered":"\n<p>Das Comboni Health Programme unterst\u00fctzt Familien, die von HIV betroffen sind. Sie werden beraten und medikament\u00f6s behandelt. Weiterhin konnte durch zahlreiche Testungen die Rate der Neuinfektionen verringert werden. Wer seinen Status kennt, kann verantwortlich handeln. Die \u00dcbertragungsrate auf Kinder durch die Schwangerschaft ist beispielsweise sehr nah an der.<\/p>\n\n\n\n<p>Das Gesundheitsprogramm bietet weiterhin Physiotherapie f\u00fcr Kinder mit Behinderung an. Im Kleinkindalter k\u00f6nnen oft gro\u00dfe Erfolge erzielt werden, so dass die Kinder noch laufen lernen oder durch Muskelaufbau und Massagen schaffen, schmerzfrei zu leben.<\/p>\n\n\n\n<div class=\"wp-block-group\"><div class=\"wp-block-group__inner-container is-layout-constrained wp-block-group-is-layout-constrained\">\n<figure class=\"wp-block-gallery has-nested-images columns-default is-cropped wp-block-gallery-1 is-layout-flex wp-block-gallery-is-layout-flex\">\n<figure class=\"wp-block-image size-large\"><img loading=\"lazy\" decoding=\"async\" width=\"1024\" height=\"769\" data-id=\"1765\" src=\"https:\/\/nangina.de\/wp-content\/uploads\/2023\/10\/P1020369-1-1024x769-1.jpg\" alt=\"\" class=\"wp-image-1765\" srcset=\"https:\/\/nangina.de\/wp-content\/uploads\/2023\/10\/P1020369-1-1024x769-1.jpg 1024w, https:\/\/nangina.de\/wp-content\/uploads\/2023\/10\/P1020369-1-1024x769-1-300x225.jpg 300w, https:\/\/nangina.de\/wp-content\/uploads\/2023\/10\/P1020369-1-1024x769-1-768x577.jpg 768w\" sizes=\"auto, (max-width: 1024px) 100vw, 1024px\" \/><\/figure>\n\n\n\n<figure class=\"wp-block-image size-large is-style-default\"><img loading=\"lazy\" decoding=\"async\" width=\"1024\" height=\"769\" data-id=\"1764\" src=\"https:\/\/nangina.de\/wp-content\/uploads\/2023\/10\/P1370157-1024x769-1.jpg\" alt=\"\" class=\"wp-image-1764\" srcset=\"https:\/\/nangina.de\/wp-content\/uploads\/2023\/10\/P1370157-1024x769-1.jpg 1024w, https:\/\/nangina.de\/wp-content\/uploads\/2023\/10\/P1370157-1024x769-1-300x225.jpg 300w, https:\/\/nangina.de\/wp-content\/uploads\/2023\/10\/P1370157-1024x769-1-768x577.jpg 768w\" sizes=\"auto, (max-width: 1024px) 100vw, 1024px\" \/><\/figure>\n\n\n\n<figure class=\"wp-block-image size-large\"><img loading=\"lazy\" decoding=\"async\" width=\"769\" height=\"1024\" data-id=\"1766\" src=\"https:\/\/nangina.de\/wp-content\/uploads\/2023\/10\/P1370239-e1563299039232-769x1024-1.jpg\" alt=\"\" class=\"wp-image-1766\" srcset=\"https:\/\/nangina.de\/wp-content\/uploads\/2023\/10\/P1370239-e1563299039232-769x1024-1.jpg 769w, https:\/\/nangina.de\/wp-content\/uploads\/2023\/10\/P1370239-e1563299039232-769x1024-1-225x300.jpg 225w\" sizes=\"auto, (max-width: 769px) 100vw, 769px\" \/><\/figure>\n<\/figure>\n<\/div><\/div>\n\n\n\n<p><strong>Ma\u00dfnahmen des Nangina e.V. in den vergangenen Jahren<\/strong><\/p>\n\n\n\n<p>2023 &#8211; mit 30 000\u20ac unterst\u00fctzt der Nangina e.V. die laufenden Kosten der Gesundheitsstation.<\/p>\n\n\n\n<p>Seit 2014 f\u00f6rdert der Nangina e.V. j\u00e4hrlich mit 20 000 \u20ac die laufenden Kosten der Gesundheitsstation.<\/p>\n\n\n\n<p>Im Jahr 2012 finanzierte Nangina mit 10 000 \u20ac die notwendigen PatientInnen-Transporte und R\u00f6ntgenuntersuchungen.<\/p>\n\n\n\n<p><strong>Besuche von Nanginesen oder Gegenbesuche von Projektpartnern<\/strong><\/p>\n\n\n\n<p>Dezember 2023: Besuch von Friedhelm Ribberger (1. Vorsitzender), Fynn Meining (Mitglied im Jugendvorstand) und Michael Stoltz (Nangina Mitglied) &#8211; zum Reisebericht geht es <a href=\"https:\/\/nangina.de\/index.php\/2022\/12\/01\/reisebericht-tag-2\/\">hier<\/a><\/p>\n\n\n\n<p>Juli 2019: Besuch von Katharina Stritzke, Vorstandsmitglied des Nangina e.V.<\/p>\n\n\n\n<p><a href=\"https:\/\/nangina.de\/index.php\/2019\/07\/15\/hoffnung-fuer-familien-in-den-slums\/\">\u2013&gt; Bericht zum Besuch bei einer Familie.<\/a><\/p>\n\n\n\n<p><a href=\"https:\/\/nangina.de\/index.php\/2019\/07\/16\/therapie-fuer-behinderte-kinder-in-den-slums\/\">\u2013&gt; Bericht zur Physiotherapie.<\/a><\/p>\n\n\n\n<p>Juli 2016: Besuch von Tobias Nickel und Katharina Stritzke, Vorstandsmitgliedern des Nangina e.V.<\/p>\n\n\n\n<p>August 2014: Besuch von Pater Filipe Resende in Deutschland<\/p>\n\n\n\n<p><strong>Aktuelle Entwicklungen<\/strong><\/p>\n\n\n\n<p>Im Jahr 2018 konnte das Comboni Health Programme in das Pfarrhaus umziehen. Dieses liegt inmitten einer sehr gef\u00e4hrlichen Gegend und kann deshalb nicht mehr von Priestern bewohnt werden. Da das Gesundheitsprogramm nur tags\u00fcber arbeitet und durch die gute Zusammenarbeit von den in der Umgebung lebenden Menschen respektiert und gesch\u00fctzt wird, freuen sich die Mitarbeiterinnen und Mitarbeiter nun \u00fcber das neue Geb\u00e4ude. Endlich k\u00f6nnen Sie die Patienten in angemessenen R\u00e4umen versorgen und sie und ihre Familien beraten.<\/p>\n\n\n\n<p>Unsere Beitr\u00e4ge f\u00fcr das Projekt:<\/p>\n\n\n<ul class=\"wp-block-latest-posts__list wp-block-latest-posts\"><li><a class=\"wp-block-latest-posts__post-title\" href=\"https:\/\/nangina.de\/index.php\/2025\/01\/05\/neujahrsgruesse-aus-kenia\/\">Neujahrsgr\u00fc\u00dfe aus Kenia<\/a><\/li>\n<li><a class=\"wp-block-latest-posts__post-title\" href=\"https:\/\/nangina.de\/index.php\/2024\/12\/11\/54-schueler-am-comboni-center-machen-ihren-abschluss\/\">54 Sch\u00fcler am Comboni-Center machen ihren Abschluss<\/a><\/li>\n<li><a class=\"wp-block-latest-posts__post-title\" href=\"https:\/\/nangina.de\/index.php\/2024\/06\/07\/hochwasser-in-nairobi\/\">Hochwasser in Nairobi<\/a><\/li>\n<li><a class=\"wp-block-latest-posts__post-title\" href=\"https:\/\/nangina.de\/index.php\/2023\/09\/29\/nangina-spendet-30-000e-an-comboni-health-programme\/\">Nangina spendet 30.000\u20ac an Comboni Health Programme<\/a><\/li>\n<li><a class=\"wp-block-latest-posts__post-title\" href=\"https:\/\/nangina.de\/index.php\/2022\/12\/01\/reisebericht-tag-2\/\">Reisebericht Tag 2<\/a><\/li>\n<\/ul>\n\n\n<figure class=\"wp-block-gallery has-nested-images columns-default is-cropped wp-block-gallery-2 is-layout-flex wp-block-gallery-is-layout-flex\"><\/figure>\n","protected":false},"excerpt":{"rendered":"<p>Das Comboni Health Programme unterst\u00fctzt Familien, die von HIV betroffen sind. Sie werden beraten und medikament\u00f6s behandelt. Weiterhin konnte durch zahlreiche Testungen die Rate der Neuinfektionen verringert werden. Wer seinen &#8230;<\/p>\n","protected":false},"author":6,"featured_media":0,"parent":0,"menu_order":0,"comment_status":"closed","ping_status":"closed","template":"","meta":{"footnotes":""},"class_list":["post-1400","page","type-page","status-publish","hentry"],"_links":{"self":[{"href":"https:\/\/nangina.de\/index.php\/wp-json\/wp\/v2\/pages\/1400","targetHints":{"allow":["GET"]}}],"collection":[{"href":"https:\/\/nangina.de\/index.php\/wp-json\/wp\/v2\/pages"}],"about":[{"href":"https:\/\/nangina.de\/index.php\/wp-json\/wp\/v2\/types\/page"}],"author":[{"embeddable":true,"href":"https:\/\/nangina.de\/index.php\/wp-json\/wp\/v2\/users\/6"}],"replies":[{"embeddable":true,"href":"https:\/\/nangina.de\/index.php\/wp-json\/wp\/v2\/comments?post=1400"}],"version-history":[{"count":4,"href":"https:\/\/nangina.de\/index.php\/wp-json\/wp\/v2\/pages\/1400\/revisions"}],"predecessor-version":[{"id":1769,"href":"https:\/\/nangina.de\/index.php\/wp-json\/wp\/v2\/pages\/1400\/revisions\/1769"}],"wp:attachment":[{"href":"https:\/\/nangina.de\/index.php\/wp-json\/wp\/v2\/media?parent=1400"}],"curies":[{"name":"wp","href":"https:\/\/api.w.org\/{rel}","templated":true}]}}